{"id":626,"date":"2016-11-21T14:08:47","date_gmt":"2016-11-21T19:08:47","guid":{"rendered":"http:\/\/antoniolenis.edu.co\/?page_id=626"},"modified":"2016-12-04T19:36:01","modified_gmt":"2016-12-05T00:36:01","slug":"resena-historica","status":"publish","type":"page","link":"https:\/\/antoniolenis.edu.co\/?page_id=626","title":{"rendered":"Rese\u00f1a Hist\u00f3rica"},"content":{"rendered":"<h3 style=\"text-align: justify;\">CREACI\u00d3N<\/h3>\n<p style=\"text-align: justify;\">El Colegio Antonio Lenis surge como una necesidad regional, dado el aumento de la poblaci\u00f3n escolar en esta zona apartada (hoy Departamento de Sucre) de la ciudad de Cartagena capital del departamento de Bol\u00edvar donde funcionaban prestigiosos colegios de renombre nacional, destac\u00e1ndose entre otros los siguientes.<\/p>\n<p style=\"text-align: justify;\">Liceo de Bol\u00edvar, Escuela Normal Superior, la Esperanza, Fern\u00e1ndez Baena etc.<\/p>\n<p style=\"text-align: justify;\">Fueron sus impulsores entre otros, los se\u00f1ores Rafael Vergara T\u00e1mara, Nicanor Manotas L\u00f3pez (hijos ilustres de Sincelejo, que han ocupado posiciones destacadas en el \u00e1mbito nacional) y Mart\u00edn Alonso Pinz\u00f3n, Gobernador, Secretario de Obras P\u00fablicas\u00a0 y Secretario de Educaci\u00f3n respectivamente del Departamento de Bol\u00edvar.<\/p>\n<p style=\"text-align: justify;\">El Congreso de Gobierno en su sesi\u00f3n celebrada el d\u00eda 14 de febrero de 1.963 aprob\u00f3 la proposici\u00f3n n\u00famero 3 presentada por el Secretario de Obras P\u00fablicas doctor Nicanor Manotas L\u00f3pez, que a la letra dice:<\/p>\n<p style=\"text-align: justify;\">\u201cDest\u00ednese el edificio que el Gobierno Departamental compr\u00f3 al se\u00f1or Jes\u00fas Torres Delgado, para establecer un Colegio de Segunda Ense\u00f1anza que se llamar\u00e1 Escuela De Bachillerato \u201cAntonio Mar\u00eda Lenis\u201d. Por conducto de la Secretaria de Educaci\u00f3n P\u00fablica, se dar\u00e1 cumplimiento a esta proposici\u00f3n dictando el Decreto respectivo.<\/p>\n<p style=\"text-align: justify;\">Fue dictado entonces el Decreto n\u00famero 0178 del 20 de febrero de 1.963 creado al Colegio Departamental de Bachillerato \u201cAntonio Lenis\u201d, que actualmente se denomina Instituci\u00f3n Educativa Antonio Lenis.<\/p>\n<h3 style=\"text-align: justify;\"><strong>Raz\u00f3n del Nombre<\/strong><\/h3>\n<p style=\"text-align: justify;\">Le fue dado el nombre de \u201cAntonio Lenis\u201d en honor a un maestro Payan\u00e9s que se distingui\u00f3 por sus dotes intelectuales y morales, como buen pedagogo dedicado al cultivo y formaci\u00f3n de la juventud Sincelejana; precisamente fue maestro de Rafael Vergara T\u00e1mara, mencionado anteriormente y por iniciativa suya \u00e9ste nombre a nuestro querido\u00a0 y prestigioso plantel.<\/p>\n<h3 style=\"text-align: justify;\"><strong>Profesores y Alumnos<\/strong><\/h3>\n<p style=\"text-align: justify;\">En el mismo decreto de creaci\u00f3n del colegio, fueron nombrados los profesores de tiempo completo y c\u00e1tedra\u00a0 externa, Primitivo Medina Licona, (quien despu\u00e9s de desempe\u00f1arse como profesor, ocup\u00f3 la Rector\u00eda hasta el 20 de enero de 1.986) y Pedro Ortega Gonz\u00e1lez, quien se mantuvo como profesor de la Instituci\u00f3n.<\/p>\n<p style=\"text-align: justify;\">Para completar la n\u00f3mina fueron nombrados los catedr\u00e1ticos siguientes; Emiro D\u00edaz Vergara, Guido Buelvas Arrieta, Manuel Lozano Ortiz y Efra\u00edn Acosta; fue encargado para la organizaci\u00f3n y todo lo relativo\u00a0 a funcionamiento del plantel, el Inspector Departamental Santiago Caballero Paternina (quien en paz descanse).<\/p>\n<h3 style=\"text-align: justify;\"><strong>Personal Administrativo<\/strong><\/h3>\n<p style=\"text-align: justify;\">La primera secretaria que tuvo el plantel\u00a0 fue Mar\u00eda Ramona Herrera\u00a0 De Alviz, para completar la n\u00f3mina de empleados se nombraron los siguientes:<\/p>\n<p style=\"text-align: justify;\">Lisandro Pastor (que en paz descanse) como portero, Marcos Fl\u00f3rez mensajero, Sara Sal\u00f3n Oviedo (que en paz descanse), como Asesora, Israel Guzm\u00e1n como Celador tambi\u00e9n fallecido.<\/p>\n<h3 style=\"text-align: justify;\"><strong>Iniciaci\u00f3n de Labores<\/strong><\/h3>\n<p style=\"text-align: justify;\">Las labores acad\u00e9micas se iniciaron el d\u00eda 6 de marzo de 1.963, con 60 alumnos divididos en dos (2) grupos: primero bachillerato (1\u00ba \u201cA\u201d y 1\u00ba \u201cB\u201d de bachillerato).\u00a0 Este colegio perteneci\u00f3 al departamento de Bol\u00edvar\u00a0 hasta febrero de 1.967: al darse la creaci\u00f3n del Departamento de Sucre (Ley 47 de 1.966), el Colegio, sus profesores y empleados fueron incorporados al nuevo departamento, mediante decreto 002 del 3 de marzo de 1.967.<\/p>\n<h3 style=\"text-align: justify;\">RECTORES<\/h3>\n<p style=\"text-align: justify;\">EL \u201cANTONIO LENIS\u201d, hasta esta vigencia, ha tenido diez (11) rectores:<\/p>\n<ol style=\"text-align: justify;\">\n<li>Santiago Caballero Paternina (Fallecido)<\/li>\n<li>Antonio C\u00f3rdoba Reyes (fallecido).<\/li>\n<li>Jos\u00e9 El\u00edas Cury Lambra\u00f1o<\/li>\n<li>Alfredo Rua Bola\u00f1o.<\/li>\n<li>Carlos Prada<\/li>\n<li>Arturo Seba Rodr\u00edguez.<\/li>\n<li>Ismael Santis Florez.<\/li>\n<li>Rafael Mercado Gonz\u00e1lez.<\/li>\n<li>Primitivo Medina Licona.<\/li>\n<li>Fernando Gonz\u00e1lez Bilbao.<\/li>\n<li>Hugo Paternina Ru\u00edz (Actual rector)<\/li>\n<\/ol>\n<h3 style=\"text-align: justify;\">PRIMERA PROMOCI\u00d3N DE BACHILLERES 1.968<\/h3>\n<ol style=\"text-align: justify;\">\n<li>Servio Tulio R\u00edos Sierra<\/li>\n<li>Nel Dario Lara Romero<\/li>\n<li>Alvaro del Valle<\/li>\n<li>Luciano Ruiz<\/li>\n<li>Isaac Hern\u00e1ndez<\/li>\n<li>Santiago Ruiz<\/li>\n<li>Luis Meza<\/li>\n<li>Norma Collante.<\/li>\n<li>Mariano Salgado<\/li>\n<li>Manuel Revollo<\/li>\n<li>Aurelio Monterroza<\/li>\n<li>Jaime D\u00edaz<\/li>\n<li>Gregorio Gonz\u00e1lez<\/li>\n<li>Edgar T\u00e1mara<\/li>\n<li>German Montes<\/li>\n<li>Ciro Pe\u00f1ate<\/li>\n<li>Abel Rios<\/li>\n<li>Alvaro Pe\u00f1a<\/li>\n<\/ol>\n<h3 style=\"text-align: justify;\">PRIMEROS PROFESORES<\/h3>\n<ol>\n<li style=\"text-align: justify;\">Alfredo Rua<\/li>\n<li style=\"text-align: justify;\">German P\u00e9rez<\/li>\n<li style=\"text-align: justify;\">Carlos Granadillo<\/li>\n<li style=\"text-align: justify;\">Jairo Calder\u00f3n<\/li>\n<li style=\"text-align: justify;\">Porfirio Zapata<\/li>\n<li style=\"text-align: justify;\">Victoriano Gonz\u00e1lez<\/li>\n<li style=\"text-align: justify;\">Pedro Ortega Gonz\u00e1lez<\/li>\n<li style=\"text-align: justify;\">Rafael Vides de la Hoz<\/li>\n<li style=\"text-align: justify;\">Alberto Alviz<\/li>\n<li style=\"text-align: justify;\">Primitivo Medina Licona<\/li>\n<li style=\"text-align: justify;\">Rafael Brito<\/li>\n<li style=\"text-align: justify;\">Luis Hern\u00e1ndez Acu\u00f1a<\/li>\n<\/ol>\n<p>&nbsp;<\/p>\n","protected":false},"excerpt":{"rendered":"<p>CREACI\u00d3N El Colegio Antonio Lenis surge como una necesidad regional, dado el aumento de la poblaci\u00f3n escolar en esta zona apartada (hoy Departamento de Sucre) de la ciudad de Cartagena capital del departamento de Bol\u00edvar donde funcionaban prestigiosos colegios de&#8230;<br \/><a class=\"read-more-button\" href=\"https:\/\/antoniolenis.edu.co\/?page_id=626\">Leer m\u00e1s<\/a><\/p>\n","protected":false},"author":2,"featured_media":0,"parent":274,"menu_order":0,"comment_status":"closed","ping_status":"closed","template":"","meta":{"footnotes":""},"class_list":["post-626","page","type-page","status-publish","hentry"],"_links":{"self":[{"href":"https:\/\/antoniolenis.edu.co\/index.php?rest_route=\/wp\/v2\/pages\/626","targetHints":{"allow":["GET"]}}],"collection":[{"href":"https:\/\/antoniolenis.edu.co\/index.php?rest_route=\/wp\/v2\/pages"}],"about":[{"href":"https:\/\/antoniolenis.edu.co\/index.php?rest_route=\/wp\/v2\/types\/page"}],"author":[{"embeddable":true,"href":"https:\/\/antoniolenis.edu.co\/index.php?rest_route=\/wp\/v2\/users\/2"}],"replies":[{"embeddable":true,"href":"https:\/\/antoniolenis.edu.co\/index.php?rest_route=%2Fwp%2Fv2%2Fcomments&post=626"}],"version-history":[{"count":4,"href":"https:\/\/antoniolenis.edu.co\/index.php?rest_route=\/wp\/v2\/pages\/626\/revisions"}],"predecessor-version":[{"id":926,"href":"https:\/\/antoniolenis.edu.co\/index.php?rest_route=\/wp\/v2\/pages\/626\/revisions\/926"}],"up":[{"embeddable":true,"href":"https:\/\/antoniolenis.edu.co\/index.php?rest_route=\/wp\/v2\/pages\/274"}],"wp:attachment":[{"href":"https:\/\/antoniolenis.edu.co\/index.php?rest_route=%2Fwp%2Fv2%2Fmedia&parent=626"}],"curies":[{"name":"wp","href":"https:\/\/api.w.org\/{rel}","templated":true}]}}