{"id":636,"date":"2016-11-21T14:10:15","date_gmt":"2016-11-21T19:10:15","guid":{"rendered":"http:\/\/antoniolenis.edu.co\/?page_id=636"},"modified":"2016-12-04T19:09:25","modified_gmt":"2016-12-05T00:09:25","slug":"consejo-directivo","status":"publish","type":"page","link":"https:\/\/antoniolenis.edu.co\/?page_id=636","title":{"rendered":"Consejo Directivo"},"content":{"rendered":"<p style=\"text-align: justify;\">De conformidad con lo establecido en el art\u00edculo 143 de la Ley 115 de 1994 y el art\u00edculo 21 del Decreto 1860 del mismo a\u00f1o, el Consejo Directivo es la instancia de Gobierno Escolar integrada por el Rector, quien lo convocar\u00e1 y presidir\u00e1, Dos (2) representantes de los docentes de la instituci\u00f3n, Dos (2) representantes de los padres de familia, Un (1) representante de los estudiantes que debe estar cursando el \u00faltimo grado de educaci\u00f3n que ofrezca la instituci\u00f3n, Un (1) representante de los exalumnos de la instituci\u00f3n y Un (1) representante del sector productivo del \u00e1rea de influencia de la instituci\u00f3n educativa.<\/p>\n<p style=\"text-align: justify;\">Dado que la instituci\u00f3n ofrece tres (3) jornadas, dos (2) diurnas de Cero (0\u00b0) a und\u00e9cimo (11\u00ba) grado y una (1) nocturna para adultos y sus sedes se encuentran f\u00edsicamente distantes, lo que constituye un factor que amenaza la participaci\u00f3n del estamento estudiantil, cada jornada elige un estudiante del grado und\u00e9cimo como representante al Consejo Directivo los cuales tendr\u00e1n voz pero s\u00f3lo uno tendr\u00e1 adem\u00e1s voto. Este estudiante ser\u00e1 designado mediante concertaci\u00f3n entre los tres (3) representantes elegidos por las respectivas jornadas.<\/p>\n<p style=\"text-align: justify;\">Son funciones del Consejo Directivo Las establecidas por el art\u00edculo 144 de la Ley 115 de 1994, a saber: a) Tomar las decisiones que afecten el funcionamiento de la instituci\u00f3n y que no sean competencia de otra autoridad. b) Servir de instancia para resolver los conflictos que se presenten entre docentes y administrativos con los alumnos del plantel educativo. c) Adoptar el reglamento de la instituci\u00f3n, de conformidad con las normas vigentes. d) Fijar los criterios para la asignaci\u00f3n de cupos disponibles. e) Asumir la defensa y garant\u00eda de los derechos de toda la comunidad educativa, cuando alguno de sus miembros se sienta lesionado. f) Aprobar el plan anual de actualizaci\u00f3n del personal de la instituci\u00f3n presentado por el rector. g) Participar en la planeaci\u00f3n y evaluaci\u00f3n del Proyecto Educativo Institucional, del curr\u00edculo y del plan de estudios y someterlos a la consideraci\u00f3n de la Secretar\u00eda de Educaci\u00f3n respectiva o del organismo que haga sus veces para que verifique el cumplimiento de los requisitos. h) Estimular y controlar el buen funcionamiento de la instituci\u00f3n educativa. i) Establecer est\u00edmulos y sanciones para el buen desempe\u00f1o acad\u00e9mico y social del alumno. j) Participar en la evaluaci\u00f3n anual de los docentes, directivos docentes y personal administrativo de la instituci\u00f3n. k) Recomendar criterios de participaci\u00f3n de la instituci\u00f3n en actividades comunitarias, culturales, deportivas y recreativas. l) Establecer el procedimiento para el uso de las instalaciones en actividades educativas, culturales, recreativas deportivas y sociales de la respectiva comunidad educativa. m) Promover las relaciones de tipo acad\u00e9mico, deportivo y cultural con otras instituciones educativas. n) Aprobar el presupuesto de ingresos y gastos de los recursos propios y la forma de recolectarlos. \u00f1) Darse su propio reglamento.<\/p>\n","protected":false},"excerpt":{"rendered":"<p>De conformidad con lo establecido en el art\u00edculo 143 de la Ley 115 de 1994 y el art\u00edculo 21 del Decreto 1860 del mismo a\u00f1o, el Consejo Directivo es la instancia de Gobierno Escolar integrada por el Rector, quien lo&#8230;<br \/><a class=\"read-more-button\" href=\"https:\/\/antoniolenis.edu.co\/?page_id=636\">Leer m\u00e1s<\/a><\/p>\n","protected":false},"author":2,"featured_media":0,"parent":633,"menu_order":0,"comment_status":"closed","ping_status":"closed","template":"","meta":{"footnotes":""},"class_list":["post-636","page","type-page","status-publish","hentry"],"_links":{"self":[{"href":"https:\/\/antoniolenis.edu.co\/index.php?rest_route=\/wp\/v2\/pages\/636","targetHints":{"allow":["GET"]}}],"collection":[{"href":"https:\/\/antoniolenis.edu.co\/index.php?rest_route=\/wp\/v2\/pages"}],"about":[{"href":"https:\/\/antoniolenis.edu.co\/index.php?rest_route=\/wp\/v2\/types\/page"}],"author":[{"embeddable":true,"href":"https:\/\/antoniolenis.edu.co\/index.php?rest_route=\/wp\/v2\/users\/2"}],"replies":[{"embeddable":true,"href":"https:\/\/antoniolenis.edu.co\/index.php?rest_route=%2Fwp%2Fv2%2Fcomments&post=636"}],"version-history":[{"count":2,"href":"https:\/\/antoniolenis.edu.co\/index.php?rest_route=\/wp\/v2\/pages\/636\/revisions"}],"predecessor-version":[{"id":909,"href":"https:\/\/antoniolenis.edu.co\/index.php?rest_route=\/wp\/v2\/pages\/636\/revisions\/909"}],"up":[{"embeddable":true,"href":"https:\/\/antoniolenis.edu.co\/index.php?rest_route=\/wp\/v2\/pages\/633"}],"wp:attachment":[{"href":"https:\/\/antoniolenis.edu.co\/index.php?rest_route=%2Fwp%2Fv2%2Fmedia&parent=636"}],"curies":[{"name":"wp","href":"https:\/\/api.w.org\/{rel}","templated":true}]}}