{"id":639,"date":"2016-11-21T14:10:30","date_gmt":"2016-11-21T19:10:30","guid":{"rendered":"http:\/\/antoniolenis.edu.co\/?page_id=639"},"modified":"2016-12-04T19:08:24","modified_gmt":"2016-12-05T00:08:24","slug":"consejo-academico","status":"publish","type":"page","link":"https:\/\/antoniolenis.edu.co\/?page_id=639","title":{"rendered":"Consejo Acad\u00e9mico"},"content":{"rendered":"<p style=\"text-align: justify;\">De conformidad con el art\u00edculo 145 de la Ley 115 de 1994, el Consejo Acad\u00e9mico es convocado y presidido por el Rector y estar\u00e1 integrado por los directivos docentes y un docente por cada \u00e1rea o grado que ofrezca la instituci\u00f3n. Se debe reunir peri\u00f3dicamente para participar en el estudio, modificaci\u00f3n y ajustes al curr\u00edculo, de conformidad con lo establecido en la ley, la organizaci\u00f3n del plan de estudios, la evaluaci\u00f3n anual e institucional y todas las funciones que ata\u00f1en a la buena marcha de la instituci\u00f3n educativa.<\/p>\n<p style=\"text-align: justify;\">Son funciones del Consejo Acad\u00e9mico Las establecidas por el art\u00edculo 24 del Decreto 1860 de 1994, a saber: a) Servir de \u00f3rgano consultor del Consejo Directivo en la revisi\u00f3n de la propuesta del proyecto educativo institucional. b) Estudiar el curr\u00edculo y propiciar su continuo mejoramiento, introduciendo las modificaciones y ajustes, de acuerdo con el procedimiento previsto en el presente Decreto. c) Organizar el plan de estudios y orientar su ejecuci\u00f3n. d) Participar en la evaluaci\u00f3n institucional anual. e) Integrar los consejos de docentes para la evaluaci\u00f3n peri\u00f3dica del rendimiento de los educandos y para la promoci\u00f3n, asignarles sus funciones y supervisar el proceso general de evaluaci\u00f3n. f) Recibir y decidir los reclamos de los alumnos sobre la evaluaci\u00f3n educativa. g) Las dem\u00e1s funciones afines o complementarias con las anteriores que le atribuya el proyecto educativo institucional.<\/p>\n<p style=\"text-align: justify;\">En el marco de lo establecido por el art\u00edculo 145 de la ley 115 de 1994, el Consejo Acad\u00e9mico de la Instituci\u00f3n Educativa Antonio Lenis est\u00e1 integrado por: el Rector quien lo convoca y preside, los Coordinadores de las sedes y jornadas que conforman la instituci\u00f3n, las Coordinaciones de \u00e1reas de cada jornada y optativamente un representante de los docentes por cada sede de b\u00e1sica primaria.<\/p>\n","protected":false},"excerpt":{"rendered":"<p>De conformidad con el art\u00edculo 145 de la Ley 115 de 1994, el Consejo Acad\u00e9mico es convocado y presidido por el Rector y estar\u00e1 integrado por los directivos docentes y un docente por cada \u00e1rea o grado que ofrezca la&#8230;<br \/><a class=\"read-more-button\" href=\"https:\/\/antoniolenis.edu.co\/?page_id=639\">Leer m\u00e1s<\/a><\/p>\n","protected":false},"author":2,"featured_media":0,"parent":633,"menu_order":0,"comment_status":"closed","ping_status":"closed","template":"","meta":{"footnotes":""},"class_list":["post-639","page","type-page","status-publish","hentry"],"_links":{"self":[{"href":"https:\/\/antoniolenis.edu.co\/index.php?rest_route=\/wp\/v2\/pages\/639","targetHints":{"allow":["GET"]}}],"collection":[{"href":"https:\/\/antoniolenis.edu.co\/index.php?rest_route=\/wp\/v2\/pages"}],"about":[{"href":"https:\/\/antoniolenis.edu.co\/index.php?rest_route=\/wp\/v2\/types\/page"}],"author":[{"embeddable":true,"href":"https:\/\/antoniolenis.edu.co\/index.php?rest_route=\/wp\/v2\/users\/2"}],"replies":[{"embeddable":true,"href":"https:\/\/antoniolenis.edu.co\/index.php?rest_route=%2Fwp%2Fv2%2Fcomments&post=639"}],"version-history":[{"count":2,"href":"https:\/\/antoniolenis.edu.co\/index.php?rest_route=\/wp\/v2\/pages\/639\/revisions"}],"predecessor-version":[{"id":908,"href":"https:\/\/antoniolenis.edu.co\/index.php?rest_route=\/wp\/v2\/pages\/639\/revisions\/908"}],"up":[{"embeddable":true,"href":"https:\/\/antoniolenis.edu.co\/index.php?rest_route=\/wp\/v2\/pages\/633"}],"wp:attachment":[{"href":"https:\/\/antoniolenis.edu.co\/index.php?rest_route=%2Fwp%2Fv2%2Fmedia&parent=639"}],"curies":[{"name":"wp","href":"https:\/\/api.w.org\/{rel}","templated":true}]}}

Consejo Académico

<p style="text-align: justify;">De conformidad con el artículo 145 de la Ley 115 de 1994, el Consejo Académico es convocado y presidido por el Rector y estará integrado por los directivos docentes y un docente por cada área o grado que ofrezca la institución. Se debe reunir periódicamente para participar en el estudio, modificación y ajustes al currículo, de conformidad con lo establecido en la ley, la organización del plan de estudios, la evaluación anual e institucional y todas las funciones que atañen a la buena marcha de la institución educativa.</p>
<p style="text-align: justify;">Son funciones del Consejo Académico Las establecidas por el artículo 24 del Decreto 1860 de 1994, a saber: a) Servir de órgano consultor del Consejo Directivo en la revisión de la propuesta del proyecto educativo institucional. b) Estudiar el currículo y propiciar su continuo mejoramiento, introduciendo las modificaciones y ajustes, de acuerdo con el procedimiento previsto en el presente Decreto. c) Organizar el plan de estudios y orientar su ejecución. d) Participar en la evaluación institucional anual. e) Integrar los consejos de docentes para la evaluación periódica del rendimiento de los educandos y para la promoción, asignarles sus funciones y supervisar el proceso general de evaluación. f) Recibir y decidir los reclamos de los alumnos sobre la evaluación educativa. g) Las demás funciones afines o complementarias con las anteriores que le atribuya el proyecto educativo institucional.</p>
<p style="text-align: justify;">En el marco de lo establecido por el artículo 145 de la ley 115 de 1994, el Consejo Académico de la Institución Educativa Antonio Lenis está integrado por: el Rector quien lo convoca y preside, los Coordinadores de las sedes y jornadas que conforman la institución, las Coordinaciones de áreas de cada jornada y optativamente un representante de los docentes por cada sede de básica primaria.</p>

<p>De conformidad con el artículo 145 de la Ley 115 de 1994, el Consejo Académico es convocado y presidido por el Rector y estará integrado por los directivos docentes y un docente por cada área o grado que ofrezca la&#8230;<br /><a class="read-more-button" href="https://antoniolenis.edu.co/?page_id=639">Leer más</a></p>
