{"id":783,"date":"2016-11-21T15:35:41","date_gmt":"2016-11-21T20:35:41","guid":{"rendered":"http:\/\/antoniolenis.edu.co\/?page_id=783"},"modified":"2017-10-17T12:31:47","modified_gmt":"2017-10-17T17:31:47","slug":"carrenales","status":"publish","type":"page","link":"https:\/\/antoniolenis.edu.co\/?page_id=783","title":{"rendered":"Carrenales"},"content":{"rendered":"<table style=\"border-color: #000000; width: 635px;\" border=\"1\">\n<tbody>\n<tr style=\"height: 24px;\">\n<td style=\"text-align: center; width: 108px; height: 48px;\" rowspan=\"2\"><em><strong>APELLIDOS<\/strong><\/em><\/td>\n<td style=\"text-align: center; width: 93px; height: 48px;\" rowspan=\"2\"><em><strong>NOMBRES<\/strong><\/em><\/td>\n<td style=\"text-align: center; width: 188px; height: 24px;\" colspan=\"2\"><em><strong>\u00a0ESTUDIOS<\/strong><\/em><\/td>\n<td style=\"text-align: center; width: 71px; height: 48px;\" rowspan=\"2\"><em><strong>CARGO<\/strong><\/em><\/td>\n<td style=\"text-align: center; width: 84px; height: 48px;\" rowspan=\"2\"><em><strong>JORNADA<\/strong><\/em><\/td>\n<\/tr>\n<tr style=\"height: 24px;\">\n<td style=\"text-align: center; width: 102px; height: 24px;\"><em><strong>PREGRADO<\/strong><\/em><\/td>\n<td style=\"text-align: center; width: 86px; height: 24px;\"><em><strong>POSTGRADO<\/strong><\/em><\/td>\n<\/tr>\n<tr style=\"height: 72px;\">\n<td style=\"width: 108px; height: 72px;\">DIAZ T\u00c1MARA<\/td>\n<td style=\"width: 93px; height: 72px;\">CECILIA DE LAS MERCEDES<\/td>\n<td style=\"width: 102px; height: 72px;\">LIC. EN B\u00c1SICA ENF. EDC. ART\u00cdSTICA<\/td>\n<td style=\"width: 86px; height: 72px;\"><\/td>\n<td style=\"width: 71px; height: 72px;\">DOCENTE<\/td>\n<td style=\"width: 84px; height: 72px;\">MA\u00d1ANA<\/td>\n<\/tr>\n<tr style=\"height: 72px;\">\n<td style=\"width: 108px; height: 72px;\">GUERRERO MONTIEL<\/td>\n<td style=\"width: 93px; height: 72px;\">NANCY DEL SOCORRO<\/td>\n<td style=\"width: 102px; height: 72px;\">LIC. EN FILOSOF\u00cdA Y LETRAS<\/td>\n<td style=\"width: 86px; height: 72px;\">ESP. RECREACI\u00d3N COMUNITARIA<\/td>\n<td style=\"width: 71px; height: 72px;\">DOCENTE<\/td>\n<td style=\"width: 84px; height: 72px;\">TARDE<\/td>\n<\/tr>\n<tr style=\"height: 96px;\">\n<td style=\"width: 108px; height: 96px;\">MAYORIANO P\u00c9REZ<\/td>\n<td style=\"width: 93px; height: 96px;\">JAMER DE JES\u00daS<\/td>\n<td style=\"width: 102px; height: 96px;\">LIC. EN ESP. Y COMUNICACI\u00d3N<\/td>\n<td style=\"width: 86px; height: 96px;\">ESP. L\u00daDICA PARA LA RECREACI\u00d3N SOCIAL<\/td>\n<td style=\"width: 71px; height: 96px;\">DOCENTE<\/td>\n<td style=\"width: 84px; height: 96px;\">TARDE<\/td>\n<\/tr>\n<tr style=\"height: 48px;\">\n<td style=\"width: 108px; height: 48px;\">M\u00c9NDEZ BERTEL<\/td>\n<td style=\"width: 93px; height: 48px;\">NELCY DEL CARMEN<\/td>\n<td style=\"width: 102px; height: 48px;\"><\/td>\n<td style=\"width: 86px; height: 48px;\"><\/td>\n<td style=\"width: 71px; height: 48px;\">DOCENTE<\/td>\n<td style=\"width: 84px; height: 48px;\">MA\u00d1ANA<\/td>\n<\/tr>\n<tr style=\"height: 24px;\">\n<td style=\"width: 108px; height: 24px;\">ORTEGA ESTRADA<\/td>\n<td style=\"width: 93px; height: 24px;\">DELCY DE JESUS<\/td>\n<td style=\"width: 102px; height: 24px;\"><\/td>\n<td style=\"width: 86px; height: 24px;\"><\/td>\n<td style=\"width: 71px; height: 24px;\">DOCENTE<\/td>\n<td style=\"width: 84px; height: 24px;\">TARDE<\/td>\n<\/tr>\n<tr style=\"height: 48px;\">\n<td style=\"width: 108px; height: 48px;\">PALOMINO DELGADO<\/td>\n<td style=\"width: 93px; height: 48px;\">OMAR<\/td>\n<td style=\"width: 102px; height: 48px;\">LIC. BIOLOG\u00cdA Y QU\u00cdMICA<\/td>\n<td style=\"width: 86px; height: 48px;\"><\/td>\n<td style=\"width: 71px; height: 48px;\">COORDINADOR<\/td>\n<td style=\"width: 84px; height: 48px;\">MA\u00d1ANA Y TARDE<\/td>\n<\/tr>\n<tr style=\"height: 48px;\">\n<td style=\"width: 108px; height: 48px;\">PAYARES DE VERGARA<\/td>\n<td style=\"width: 93px; height: 48px;\">DAISSI REGINA<\/td>\n<td style=\"width: 102px; height: 48px;\"><\/td>\n<td style=\"width: 86px; height: 48px;\"><\/td>\n<td style=\"width: 71px; height: 48px;\">DOCENTE<\/td>\n<td style=\"width: 84px; height: 48px;\">MA\u00d1ANA<\/td>\n<\/tr>\n<tr style=\"height: 48px;\">\n<td style=\"width: 108px; height: 48px;\">PERALTA CARRASCAL<\/td>\n<td style=\"width: 93px; height: 48px;\">ENORIS\u00a0 MARIA<\/td>\n<td style=\"width: 102px; height: 48px;\"><\/td>\n<td style=\"width: 86px; height: 48px;\"><\/td>\n<td style=\"width: 71px; height: 48px;\">DOCENTE<\/td>\n<td style=\"width: 84px; height: 48px;\">MA\u00d1ANA<\/td>\n<\/tr>\n<tr style=\"height: 24px;\">\n<td style=\"width: 108px; height: 24px;\">ROA DE ORTIZ<\/td>\n<td style=\"width: 93px; height: 24px;\">BERTHA BEATRIZ<\/td>\n<td style=\"width: 102px; height: 24px;\"><\/td>\n<td style=\"width: 86px; height: 24px;\"><\/td>\n<td style=\"width: 71px; height: 24px;\">DOCENTE<\/td>\n<td style=\"width: 84px; height: 24px;\">TARDE<\/td>\n<\/tr>\n<tr style=\"height: 48px;\">\n<td style=\"width: 108px; height: 48px;\">ROMERO<\/td>\n<td style=\"width: 93px; height: 48px;\">ALVARO DEL CRISTO<\/td>\n<td style=\"width: 102px; height: 48px;\"><\/td>\n<td style=\"width: 86px; height: 48px;\"><\/td>\n<td style=\"width: 71px; height: 48px;\">DOCENTE<\/td>\n<td style=\"width: 84px; height: 48px;\">MA\u00d1ANA<\/td>\n<\/tr>\n<tr style=\"height: 72px;\">\n<td style=\"width: 108px; height: 72px;\">ROMERO BARRIOS<\/td>\n<td style=\"width: 93px; height: 72px;\">LICETH<\/td>\n<td style=\"width: 102px; height: 72px;\"><\/td>\n<td style=\"width: 86px; height: 72px;\">ESP. RECREACI\u00d3N Y ECOLOG\u00cdA<\/td>\n<td style=\"width: 71px; height: 72px;\">DOCENTE<\/td>\n<td style=\"width: 84px; height: 72px;\">TARDE<\/td>\n<\/tr>\n<tr style=\"height: 24px;\">\n<td style=\"width: 108px; height: 24px;\">RUIZ AGUAS<\/td>\n<td style=\"width: 93px; height: 24px;\">ALINA\u00a0 JUDITH<\/td>\n<td style=\"width: 102px; height: 24px;\"><\/td>\n<td style=\"width: 86px; height: 24px;\"><\/td>\n<td style=\"width: 71px; height: 24px;\">DOCENTE<\/td>\n<td style=\"width: 84px; height: 24px;\">MA\u00d1ANA<\/td>\n<\/tr>\n<tr style=\"height: 72px;\">\n<td style=\"width: 108px; height: 72px;\">URZOLA RAMOS<\/td>\n<td style=\"width: 93px; height: 72px;\">YONELIS<\/td>\n<td style=\"width: 102px; height: 72px;\">LIC. B\u00c1SICA PRIMARIA<\/td>\n<td style=\"width: 86px; height: 72px;\">ESP. RECREACI\u00d3N COMUNITARIA<\/td>\n<td style=\"width: 71px; height: 72px;\">DOCENTE<\/td>\n<td style=\"width: 84px; height: 72px;\">TARDE<\/td>\n<\/tr>\n<\/tbody>\n<\/table>\n","protected":false},"excerpt":{"rendered":"<p>APELLIDOS NOMBRES \u00a0ESTUDIOS CARGO JORNADA PREGRADO POSTGRADO DIAZ T\u00c1MARA CECILIA DE LAS MERCEDES LIC. EN B\u00c1SICA ENF. EDC. ART\u00cdSTICA DOCENTE MA\u00d1ANA GUERRERO MONTIEL NANCY DEL SOCORRO LIC. EN FILOSOF\u00cdA Y LETRAS ESP. RECREACI\u00d3N COMUNITARIA DOCENTE TARDE MAYORIANO P\u00c9REZ JAMER DE&#8230;<br \/><a class=\"read-more-button\" href=\"https:\/\/antoniolenis.edu.co\/?page_id=783\">Leer m\u00e1s<\/a><\/p>\n","protected":false},"author":2,"featured_media":0,"parent":760,"menu_order":0,"comment_status":"closed","ping_status":"closed","template":"","meta":{"footnotes":""},"class_list":["post-783","page","type-page","status-publish","hentry"],"_links":{"self":[{"href":"https:\/\/antoniolenis.edu.co\/index.php?rest_route=\/wp\/v2\/pages\/783","targetHints":{"allow":["GET"]}}],"collection":[{"href":"https:\/\/antoniolenis.edu.co\/index.php?rest_route=\/wp\/v2\/pages"}],"about":[{"href":"https:\/\/antoniolenis.edu.co\/index.php?rest_route=\/wp\/v2\/types\/page"}],"author":[{"embeddable":true,"href":"https:\/\/antoniolenis.edu.co\/index.php?rest_route=\/wp\/v2\/users\/2"}],"replies":[{"embeddable":true,"href":"https:\/\/antoniolenis.edu.co\/index.php?rest_route=%2Fwp%2Fv2%2Fcomments&post=783"}],"version-history":[{"count":4,"href":"https:\/\/antoniolenis.edu.co\/index.php?rest_route=\/wp\/v2\/pages\/783\/revisions"}],"predecessor-version":[{"id":1234,"href":"https:\/\/antoniolenis.edu.co\/index.php?rest_route=\/wp\/v2\/pages\/783\/revisions\/1234"}],"up":[{"embeddable":true,"href":"https:\/\/antoniolenis.edu.co\/index.php?rest_route=\/wp\/v2\/pages\/760"}],"wp:attachment":[{"href":"https:\/\/antoniolenis.edu.co\/index.php?rest_route=%2Fwp%2Fv2%2Fmedia&parent=783"}],"curies":[{"name":"wp","href":"https:\/\/api.w.org\/{rel}","templated":true}]}}